4464*y + 405. Is a(2) prime?
True
Let f(u) = -u**3 + 7*u**2 + 18*u + 10. Let i be f(8). Suppose h - 1799 + i = 0. Is h a composite number?
False
Suppose 6362374 - 2130304 = 90*b. Is b composite?
True
Let v(y) = 2 + 0*y + 0 + 5 + 85*y. Is v(18) prime?
False
Suppose 3*v - 132 = 168. Let b = v + 189. Suppose q = 778 + b. Is q a composite number?
True
Is (1505882/(-63))/(1272/108 + -12) a prime number?
True
Let k be -1*4/3*(38 - 29). Is (4/k)/((-11)/6402) a composite number?
True
Let p(s) = s**2 - 8*s + 3. Let t(i) = -i**2 + 7*i - 2. Let x(u) = -5*p(u) - 6*t(u). Let k be x(-2). Suppose k*r + 6066 = h - 449, -6497 = -h - 4*r. Is h prime?
False
Let u = 54811 - 4694. Is u composite?
True
Suppose 2*u = -10, 3*l = -0*u + 2*u + 25. Is 54445/l - (3 - -3) a prime number?
True
Let v(u) = -3*u - 3. Let b be v(-4). Let d(r) be the second derivative of 34*r**3/3 + 21*r**2/2 - 230*r. Is d(b) composite?
True
Suppose 2*f - 28 = -2*f. Suppose -3*v - 3604 = -f*v. Let w = 342 + v. Is w composite?
True
Let x = 8642 + 4253. Is x a prime number?
False
Suppose 3*s - 5*a - 1835 = -4*a, 4*s - 2443 = 5*a. Let z be (347/3)/(2/(-6)). Let b = z + s. Is b a prime number?
False
Let n(u) = -19*u**3 - 11*u**2 - 53*u - 167. Is n(-10) a prime number?
False
Suppose -31351 = -k - 5*b + 176290, k + 2*b - 207659 = 0. Is k a composite number?
False
Suppose 502*j + 5798226 = 544*j. Is j a composite number?
False
Let d = 109568 + -72739. Is d prime?
False
Let o(i) = i**3 - 3*i**2 + 5. Let u be o(3). Suppose 6*q + u*q = 8338. Suppose k = -2*d + q, 2*d - 4*k = 3*d - 379. Is d prime?
True
Suppose 2*n = -2*v + 2, 2*v - 41 = -5*n - 51. Is n/(-10) + (-1097934)/(-190) a composite number?
False
Let v(k) be the third derivative of 93*k**4/2 + k**3/6 + 96*k**2. Is v(1) composite?
False
Suppose -5 = x + 3. Let w = -4 - x. Is 4435/10*w/2 prime?
True
Let y(d) = -8*d**2 - d - 28. Let z be 1840/(-144) - 2/9. Let o be y(z). Is o*6/6*2/(-2) a composite number?
False
Let w(v) = -272*v - 29. Let z(u) = -3*u + 2. Let y be z(-1). Suppose -s - 6 = -2*s + 5*h, 5*h = -y*s - 90. Is w(s) a composite number?
False
Let x be (-9)/(-3)*592/3. Let o = x + 297. Is o composite?
True
Suppose 23*r - 14*r = -4194. Let q = 543 + r. Is q composite?
True
Suppose 460*l = 473*l - 19894693. Is l a composite number?
True
Let d be (-4261 - -4 - 5) + -3. Let i = -2788 - d. Is i a prime number?
False
Suppose 0 = 48*y - 1346306 - 1585042 - 1843164. Is y composite?
False
Suppose o = -4*o + 15. Suppose 0 = 5*p + o*t - 31303, 2*p + 0*t = -t + 12521. Suppose 4*z = 4*m - p, -4*m = -8*m + 5*z + 6264. Is m a prime number?
False
Let l = 6633 - -11798. Is l a composite number?
True
Let o = -609 - -602. Let s(y) = -1451*y + 24. Is s(o) a prime number?
True
Let t(d) = -1081*d + 11648. Is t(-131) a prime number?
True
Suppose 6*g = -5*o + 4*g + 1398872, 3*o + 4*g = 839326. Is 4/10 + o/90 prime?
True
Let y(c) = 703*c + 4955. Is y(12) a prime number?
False
Let b = -18 + 16. Let p be b/(-17) + (-23724)/(-68). Suppose -d - p + 1055 = 0. Is d prime?
False
Let q(k) = 3*k**2 - k + 25. Let r be q(30). Let m = -1737 + 253. Let s = r + m. Is s prime?
False
Let q = 29 + -24. Suppose -14 = -2*z - 18. Is z/(-10) + 9334/q prime?
True
Suppose -4969807 = -7*j - 43*j + 9963843. Is j a composite number?
True
Let h(g) = 9 - 1343*g - 26 - 10. Is h(-6) a composite number?
True
Suppose 12737259 = 239*h - 18623843. Is h a composite number?
True
Let i(r) = 23*r**3 - 34*r**2 + 21*r + 951. Is i(34) a composite number?
False
Let f = 293 + 1643. Let w = f - 2731. Is ((w/75)/((-1)/5))/1 a composite number?
False
Suppose 23*m = -59 + 197. Let z be (1 - 5052)/(-1 - 0). Suppose 5*j = n - 1274, -j + m*j = 4*n - z. Is n a composite number?
False
Let n(o) = 1021*o + 1896. Is n(77) prime?
True
Let j be -1 + (-12)/(-4) - -1. Let g be ((-5121)/(-15))/(j/15). Suppose 2*m - g - 2155 = 0. Is m prime?
True
Suppose -10 = -4*l - l. Suppose -2*s = -4*b + 14, -l*s + 7 = 3*b - 0*s. Suppose -v - 5*a = -4*v + 6434, -6439 = -b*v + 4*a. Is v a composite number?
False
Suppose 5*c - 2774 = 3*c. Let j = -714 + c. Is j composite?
False
Suppose -46*v = -49*v + 5*u + 64951, 5*v + 5*u = 108225. Is v a composite number?
False
Let k(m) = m**3 + 14*m**2 - 66*m - 4. Let p be k(-13). Suppose -2*c = -n + p, 25*n + 5*c + 5125 = 30*n. Is n a composite number?
True
Let f = 32879 - 20733. Suppose 0 = 4*a + f - 66238. Is a composite?
False
Suppose -11*c + 10321 + 2428 = 0. Suppose 5*b - 5253 = 3*l + c, 0 = -2*b + l + 2565. Is b composite?
False
Suppose -2*x + 5*v = -31 - 4, -5*x = 5*v - 35. Is -6 + x + (4 + 2182)/2 a composite number?
False
Suppose 417*c - 388*c - 22760099 = 0. Is c a composite number?
False
Suppose 0 = o - 53 + 56. Is ((-5283)/6)/(o/6) prime?
False
Let h = 232 + 2460. Let o(d) = -28*d + 179. Let m be o(6). Suppose -m*n = -7*n - h. Is n composite?
False
Suppose 195*n - 4*u - 3473011 = 192*n, 0 = -5*n - 5*u + 5788340. Is n prime?
True
Let i = 22362 - -1061. Is i prime?
False
Suppose 7*t + 93225 = -23528. Let f = t + 25738. Is f prime?
True
Let c(f) = 76*f**2 - 34*f + 49. Is c(-10) a prime number?
False
Suppose 0 = -9*g + 7*g + 6. Suppose l - 6*l + 2*y = -9, -3*l = 4*y - 21. Suppose -11169 = -l*h + 2*a - g*a, a = h - 3719. Is h composite?
True
Let o(v) = -798*v - 2335. Is o(-37) a composite number?
False
Let s(v) = -18974*v**3 - v**2 - 19*v - 81. Is s(-4) composite?
True
Suppose 4*a - 2*j - 68858 = 0, 4*j + 27689 + 6749 = 2*a. Let s = a - 30563. Is (-2)/(-7) - s/70 a prime number?
True
Suppose -3*g + 22 - 1 = 0. Let r(q) = 185*q - 36. Is r(g) prime?
True
Suppose -2 - 23 = -5*p. Suppose -39*f + 34 = -5*f. Is (-14013)/(-15) - f/p prime?
False
Let s(o) = 2*o**2 - 7*o - 39. Let i be s(-24). Suppose 2*v + 0*z - 506 = -2*z, z = -5*v + i. Is v composite?
False
Let b be 2*(-7)/56 + (-114)/(-8). Suppose -3*g + 34 + b = 0. Let t(p) = -p**3 + 15*p**2 + 20*p + 7. Is t(g) a prime number?
True
Let n = 278 + -268. Suppose -3*o - 787 = -5*f, 6*f - 4*o + 604 = n*f. Is f a composite number?
True
Suppose 0 = -27*h + 28*h - 3. Is (h + 926 + 0)*3 a prime number?
False
Suppose 59*n + 481367 = -24*n + 7709173. Is n a composite number?
True
Let x(b) = b**3 - 2*b**2 + b + 2. Let w = -44 - -44. Let z be x(w). Is -12 - -66 - (z - 1) composite?
False
Let d be 0 + 4 - (4 - 1)*-1. Let w(f) = -f**2 + 9*f - 16. Let g be w(d). Is (1043 - (g + 6)) + (-4)/(-1) composite?
True
Let y(d) = -d**2 + 2*d**2 - 2 + 1 + 0*d**3 + d**3. Let n(f) = 5*f**3 + 24*f**2 + 17*f + 21. Let t(l) = n(l) - 6*y(l). Is t(14) a prime number?
True
Suppose -80570 = 56*t - 7207410. Is t a prime number?
False
Let s be 5/2 - 14427/(-14). Is (0 - -2 - s)*(-13)/13 prime?
True
Let g = -10432 + 43833. Is g a prime number?
False
Let w(m) = -402*m**3 + m**2 + 39*m - 9. Is w(-7) a composite number?
False
Suppose 132*h - 14609635 = -53*h. Is h a prime number?
False
Let n(c) = 69*c**3 - 2*c**2 - 19*c + 79. Is n(16) a composite number?
False
Let h be ((-2212)/6)/(1 - (-25)/(-27)). Let g = 1145 - h. Is ((-48)/21 - -2) + g/14 composite?
True
Let p = -29466 - -49127. Is p composite?
False
Let p = -25 - -43. Suppose 0 = 6*l - 2*l - 16, -p = -3*y - 3*l. Is (-1736)/(-12)*3/y prime?
False
Let b = 28320 - 16537. Is b a prime number?
True
Let b(n) = 29*n**3 - 7*n + 6. Let o be (-7)/(-2) - 12/(-24). Let x be b(o). Let a = x + -548. Is a composite?
True
Let u = 58 - 34. Let c be (-3 - -7)*54/u. Suppose c*i = -3*i + 17532. Is i a prime number?
False
Suppose -2*r = -d - 6*r + 20, -4*r = -d - 12. Suppose 2*q = -2 - 8, d*q = 3*o - 2849. Is o composite?
True
Suppose -136 - 144 = 10*u. Is (-105)/u - 4 - (-47607)/12 a composite number?
False
Let m(y) = 312*y**2 - 84*y - 301. Is m(-14) prime?
False
Let g(h) = -11*h**3 - 8*h**2 + 43. Suppose 3*d = -6, 5*p + 19 + 17 = 2*d. Is g(p) composite?
True
Suppose 5*p = 4*t + 12420, -3*p - p + 3*t + 9935 = 0. Suppose 667 = 3*u - p. Is u composite?
False
Let q(i) = -i**2 + 5*i - 4. Let z be q(4). Suppose z = -4*f - 12, 5*f + 20 = a - 0. Suppose 2*y - 232 = 3*w, y + a*w = 4*y - 349. Is y a composite number?
False
Suppose 5*a - 3110497 = -415*h + 411*h, h + 3*a - 777640 = 0. Is h a prime number?
False
Let b(f) = 2069262*f + 1385. Is b(1) prime?
False
Let f = 6902 - -72915. Is f a composite number?
False
Suppose 0 = -44*r + 83 + 49. Is (r/(-27))/(8/(-99